314228?
True
Is 67464 a multiple of 2?
True
Does 23 divide 888766?
True
Is 260385 a multiple of 8?
False
Is 118 a factor of 2791762?
True
Does 13 divide 1865123?
True
Is 34 a factor of 2769334?
True
Is 14 a factor of 6581543?
False
Is 5756734 a multiple of 261?
False
Does 1047 divide 445019?
False
Is 6080 a multiple of 29?
False
Does 67 divide 938541?
False
Is 3138183 a multiple of 129?
True
Is 26 a factor of 42018?
False
Is 326 a factor of 1652168?
True
Does 750 divide 1485502?
False
Is 555 a factor of 2793870?
True
Is 339 a factor of 785124?
True
Is 342428 a multiple of 23?
False
Is 4022505 a multiple of 9?
True
Does 13 divide 4216868?
False
Is 9 a factor of 101124?
True
Does 42 divide 225328?
False
Does 63 divide 536697?
True
Does 30 divide 41280?
True
Does 394 divide 253736?
True
Is 6 a factor of 605902?
False
Does 2464 divide 24266067?
False
Is 13 a factor of 246892?
False
Does 157 divide 78787?
False
Is 14116464 a multiple of 2214?
True
Is 1150544 a multiple of 137?
False
Is 26 a factor of 585832?
True
Is 37 a factor of 368337?
False
Is 35 a factor of 458640?
True
Does 4 divide 38475?
False
Is 22 a factor of 59806?
False
Does 19 divide 364743?
True
Is 5 a factor of 252325?
True
Is 91 a factor of 13016224?
False
Is 92 a factor of 3232?
False
Is 25 a factor of 137775?
True
Is 54995 a multiple of 37?
False
Is 18073 a multiple of 11?
True
Does 94 divide 94940?
True
Does 118 divide 211220?
True
Does 15 divide 94665?
True
Does 8 divide 70439?
False
Is 7922484 a multiple of 62?
True
Is 411 a factor of 2393253?
True
Is 13860 a multiple of 35?
True
Does 33 divide 109461?
True
Is 61599 a multiple of 31?
False
Does 432 divide 7359120?
True
Is 80626 a multiple of 26?
True
Is 7 a factor of 616383?
False
Is 22606632 a multiple of 24?
True
Is 76840 a multiple of 136?
True
Is 2919942 a multiple of 18?
True
Is 13 a factor of 533767?
True
Is 58 a factor of 160544?
True
Does 37 divide 15207?
True
Does 7 divide 4597?
False
Does 138 divide 449328?
True
Does 168 divide 892167?
False
Is 6067035 a multiple of 117?
True
Is 5526723 a multiple of 6?
False
Does 10 divide 4920151?
False
Is 102 a factor of 1670046?
True
Does 70 divide 300510?
True
Does 174 divide 105792?
True
Is 6 a factor of 1712894?
False
Is 49 a factor of 189385?
True
Does 19 divide 40745?
False
Is 12 a factor of 133728?
True
Is 803088 a multiple of 36?
True
Does 101 divide 1639095?
False
Does 13 divide 4281292?
False
Does 11 divide 13955755?
True
Does 39 divide 1737528?
True
Is 2685213 a multiple of 171?
True
Is 22 a factor of 553435?
False
Is 687360 a multiple of 358?
True
Is 476785 a multiple of 167?
True
Is 6123746 a multiple of 1176?
False
Is 17 a factor of 122111?
True
Is 5343816 a multiple of 44?
False
Does 395 divide 11098710?
True
Is 163 a factor of 14884345?
True
Is 43 a factor of 20042?
False
Is 17806 a multiple of 58?
True
Is 41351 a multiple of 17?
False
Is 490838 a multiple of 12?
False
Is 1026074 a multiple of 22?
False
Does 156 divide 75972?
True
Is 35 a factor of 2084364?
False
Is 123 a factor of 50737?
False
Does 129 divide 44505?
True
Is 12585560 a multiple of 520?
True
Does 95 divide 3828025?
True
Does 85 divide 471665?
True
Is 4458990 a multiple of 26?
False
Does 75 divide 1112400?
True
Is 233728 a multiple of 32?
True
Is 182790 a multiple of 26?
False
Is 33 a factor of 117117?
True
Does 78 divide 121680?
True
Is 338722 a multiple of 4?
False
Does 32 divide 8120928?
True
Is 33630996 a multiple of 213?
True
Does 47 divide 1033248?
True
Does 73 divide 131327?
True
Is 4729446 a multiple of 27?
False
Does 16 divide 829344?
True
Is 11917 a multiple of 33?
False
Is 1929686 a multiple of 13?
False
Is 6254332 a multiple of 74?
True
Is 6 a factor of 2409572?
False
Is 8689367 a multiple of 1884?
False
Is 37 a factor of 8362111?
True
Is 4 a factor of 105664?
True
Is 880929 a multiple of 9?
True
Is 23 a factor of 12755409?
True
Is 33 a factor of 45573?
True
Is 2282440 a multiple of 43?
True
Is 249 a factor of 17383?
False
Is 325377 a multiple of 103?
True
Is 79 a factor of 2387191?
False
Is 27580 a multiple of 28?
True
Is 40431 a multiple of 5?
False
Is 12 a factor of 609153?
False
Is 511 a factor of 323463?
True
Is 13580390 a multiple of 31?
False
Is 6298 a multiple of 3?
False
Is 2075559 a multiple of 118?
False
Is 7 a factor of 6475?
True
Is 4712 a multiple of 8?
True
Does 48 divide 2038512?
True
Does 80 divide 604033?
False
Is 65 a factor of 95680?
True
Does 15 divide 75510?
True
Is 1463720 a multiple of 10?
True
Is 134 a factor of 15045922?
True
Is 425414 a multiple of 22?
True
Is 1698 a factor of 4148214?
True
Is 29223 a multiple of 34?
False
Is 346 a factor of 31375?
False
Does 55 divide 176409?
False
Is 7 a factor of 106007?
False
Is 170 a factor of 3563928?
False
Is 217 a factor of 218263?
False
Is 1470827 a multiple of 163?
False
Is 704376 a multiple of 72?
True
Is 1249 a factor of 2631643?
True
Is 71 a factor of 8754904?
False
Is 7605 a multiple of 117?
True
Is 38 a factor of 21783?
False
Is 298597 a multiple of 121?
False
Is 457728 a multiple of 132?
False
Is 6 a factor of 445746?
True
Does 3 divide 236979?
True
Does 333 divide 2378685?
False
Is 2063 a multiple of 264?
False
Is 198345 a multiple of 80?
False
Is 70 a factor of 653644?
False
Does 27 divide 32096?
False
Is 1989936 a multiple of 624?
True
Is 171 a factor of 72605?
False
Does 131 divide 139216?
False
Is 438634 a multiple of 133?
True
Does 453 divide 1171911?
True
Is 12 a factor of 10825378?
False
Is 214 a factor of 224486?
True
Is 149 a factor of 3331?
False
Is 1296279 a multiple of 34?
False
Is 4503600 a multiple of 48?
True
Is 46 a factor of 9847?
False
Is 711966 a multiple of 55?
False
Does 165 divide 612975?
True
Is 10 a factor of 676002?
False
Does 3 divide 767496?
True
Is 502 a factor of 511036?
True
Does 132 divide 556776?
True
Is 3 a factor of 22494?
True
Does 135 divide 3285939?
False
Is 225 a factor of 937125?
True
Does 474 divide 28740042?
True
Is 68 a factor of 24820?
True
Is 229469 a multiple of 5?
False
Is 75 a factor of 13414397?
False
Does 555 divide 1274835?
True
Is 200940 a multiple of 102?
True
Is 100253 a multiple of 10?
False
Is 7116 a multiple of 7?
False
Is 513084 a multiple of 338?
True
Is 1791566 a multiple of 13?
False
Is 1174233 a multiple of 10?
False
Is 37752 a multiple of 26?
True
Is 373 a factor of 609109?
True
Is 329346 a multiple of 9?
True
Is 239 a factor of 179248?
False
Is 881456 a multiple of 98?
False
Is 18 a factor of 389501?
False
Is 5178766 a multiple of 898?
True
Is 1222920 a multiple of 15?
True
Is 827640 a multiple of 90?
True
Is 69 a factor of 10557?
True
Is 14 a factor of 472836?
True
Does 4 divide 156487?
False
Is 2851980 a multiple of 10?
True
Does 31 divide 22878628?
False
Is 138 a factor of 6378597?
False
Does 55 divide 42106?
False
Is 4 a factor of 486545?
False
Does 71 divide 229292?
False
Is 3000790 a multiple of 410?
True
Is 176 a factor of 228669?
False
Is 50 a factor of 506025?
False
Is 46 a factor of 7850355?
False
Is 2818740 a multiple of 10?
True
Is 270232 a multiple of 34?
True
Is 794 a factor of 5450016?
True
Does 826 divide 3566743?
False
Does 450 divide 4015393?
False
Is 3209947 a multiple of 12?
False
Does 7 divide 2674209?
False
Does 13 divide 25888?
False
Is 3517887 a multiple of 884?
False
Is 589254 a multiple of 61?
False
Is 97592 a multiple of 35?
False
Is 30 a factor of 258288?
False
Is 21 a factor of 486783?
False
Is 15587552 a multiple of 16?
True
Is 66 a factor of 6938443?
False
Does 15 divide 5913960?
True
Does 23 divide 224158?
True
Is 10 a factor of 8915659?
False
Does 88 divide 610743?
False
Does 43 divide 131408?
True
Is 835975 a multiple of 5?
True
Is 3245270 a multiple of 14?
True
Does 11 divide 84271?
True
Does 50 divide 173465?
False
Is 73137 a multiple of 3?
True
Does 122 divide 386130?
True
Is 51040 a multiple of 145?
True
Does 77 divide 249772?
False
Is 49 a factor of 4130112?
True
Is 10 a factor of 217730?
True
Is 1340496 a multiple of 54?
True
Does 50 divide 104400?
True
Is 406396 a multiple of 49?
False
Does 826 divide 6056115?
False
Does 30 divide 19373790?
True
Is 21 a factor of 75621?
True
Is 39 a factor of 265200?
True
Is 22 a factor of 73020?
False
Does 651 divide 618369?
False
Is 4 a factor of 92304?
True
Does 20 divi